he prime factors of 1303147?
31, 127, 331
What are the prime factors of 1276658?
2, 41, 15569
What are the prime factors of 514420?
2, 5, 17, 89
What are the prime factors of 13268492?
2, 3317123
List the prime factors of 817.
19, 43
List the prime factors of 15052029.
3, 5017343
List the prime factors of 11308519.
17, 665207
List the prime factors of 693059.
23, 30133
What are the prime factors of 132611?
132611
List the prime factors of 1572265.
5, 314453
List the prime factors of 23472499.
23472499
List the prime factors of 20612.
2, 5153
List the prime factors of 12597267.
3, 59, 71171
List the prime factors of 435752.
2, 54469
What are the prime factors of 1248367?
47, 26561
What are the prime factors of 13427946?
2, 3, 7, 19, 71, 79
What are the prime factors of 681496?
2, 17, 5011
List the prime factors of 637489.
637489
What are the prime factors of 145014?
2, 3, 24169
List the prime factors of 1215034.
2, 607517
What are the prime factors of 281350?
2, 5, 17, 331
What are the prime factors of 2864108?
2, 13, 55079
What are the prime factors of 2723881?
2723881
What are the prime factors of 1383576?
2, 3, 57649
What are the prime factors of 4202278?
2, 2101139
What are the prime factors of 10858429?
367, 29587
List the prime factors of 625379.
17, 36787
List the prime factors of 671042.
2, 19, 17659
List the prime factors of 2341899.
3, 7, 12391
What are the prime factors of 5083937?
127, 40031
List the prime factors of 359781.
3, 43, 2789
What are the prime factors of 377457?
3, 47, 2677
What are the prime factors of 17461362?
2, 3, 2910227
What are the prime factors of 901506?
2, 3, 347, 433
List the prime factors of 18224716.
2, 4556179
List the prime factors of 22705623.
3, 23, 36563
List the prime factors of 103648.
2, 41, 79
What are the prime factors of 4160730?
2, 3, 5, 7, 19813
List the prime factors of 129237.
3, 23, 1873
List the prime factors of 156544.
2, 1223
What are the prime factors of 196488?
2, 3, 2729
List the prime factors of 1931943.
3, 13, 49537
List the prime factors of 207699.
3, 69233
List the prime factors of 1109953.
13, 85381
List the prime factors of 8110136.
2, 1013767
What are the prime factors of 11082830?
2, 5, 11, 53, 1901
List the prime factors of 4753568.
2, 148549
List the prime factors of 391833.
3, 13, 17, 197
List the prime factors of 94492.
2, 23623
What are the prime factors of 183191?
183191
List the prime factors of 27902529.
3, 1033427
List the prime factors of 4723610.
2, 5, 41, 281
List the prime factors of 253933.
197, 1289
List the prime factors of 533347.
23, 23189
List the prime factors of 10279683.
3, 380729
List the prime factors of 5164174.
2, 2582087
List the prime factors of 15631942.
2, 17, 459763
What are the prime factors of 195073?
19, 10267
List the prime factors of 5557599.
3, 205837
List the prime factors of 15057769.
15057769
What are the prime factors of 6341132?
2, 7, 53, 4273
List the prime factors of 78049.
78049
List the prime factors of 5435669.
149, 191
What are the prime factors of 5426904?
2, 3, 7, 32303
What are the prime factors of 8129025?
3, 5, 12043
What are the prime factors of 3551994?
2, 3, 41, 4813
What are the prime factors of 16762886?
2, 7, 1197349
What are the prime factors of 2010606?
2, 3, 13, 149, 173
List the prime factors of 1199899.
1199899
What are the prime factors of 485619?
3, 161873
What are the prime factors of 1855584?
2, 3, 17, 379
List the prime factors of 540551.
11, 157, 313
List the prime factors of 38892888.
2, 3, 540179
What are the prime factors of 3362334?
2, 3, 149, 3761
List the prime factors of 7513459.
7513459
What are the prime factors of 3969901?
13, 305377
List the prime factors of 442259.
71, 6229
List the prime factors of 2147429.
2147429
List the prime factors of 607880.
2, 5, 7, 13, 167
List the prime factors of 1855897.
157, 11821
What are the prime factors of 636735?
3, 5, 11, 17, 227
List the prime factors of 306565.
5, 7, 19, 461
List the prime factors of 5931938.
2, 97, 30577
What are the prime factors of 9082484?
2, 41, 55381
What are the prime factors of 14043089?
14043089
List the prime factors of 506388.
2, 3, 19, 2221
List the prime factors of 222642.
2, 3, 7, 19, 31
List the prime factors of 211844.
2, 211, 251
List the prime factors of 17347516.
2, 659, 6581
What are the prime factors of 38352274?
2, 67, 157, 1823
List the prime factors of 5599280.
2, 5, 69991
List the prime factors of 231424.
2, 113
List the prime factors of 682195.
5, 19, 43, 167
What are the prime factors of 466559?
53, 8803
What are the prime factors of 22421589?
3, 17, 439639
List the prime factors of 836107.
836107
What are the prime factors of 202877?
202877
What are the prime factors of 289463?
289463
What are the prime factors of 109625?
5, 877
List the prime factors of 10416978.
2, 3, 11, 13, 19, 71
List the prime factors of 1291018.
2, 79, 8171
What are the prime factors of 69718?
2, 11, 3169
List the prime factors of 371525.
5, 7, 11, 193
What are the prime factors of 587728?
2, 109, 337
List the prime factors of 2924445.
3, 5, 194963
What are the prime factors of 572254?
2, 17, 16831
What are the prime factors of 953971?
19, 23, 37, 59
What are the prime factors of 2073933?
3, 23, 43, 233
What are the prime factors of 1435288?
2, 179411
List the prime factors of 1050941.
761, 1381
List the prime factors of 12323.
12323
List the prime factors of 3166968.
2, 3, 7, 2693
What are the prime factors of 203158?
2, 157, 647
What are the prime factors of 376308?
2, 3, 10453
List the prime factors of 9001267.
11, 83, 9859
List the prime factors of 61024.
2, 1907
What are the prime factors of 2730628?
2, 682657
What are the prime factors of 951115?
5, 11, 17293
List the prime factors of 4511203.
1579, 2857
List the prime factors of 278641.
11, 73, 347
List the prime factors of 17733.
3, 23, 257
List the prime factors of 1206187.
1206187
What are the prime factors of 1808630?
2, 5, 17, 10639
What are the prime factors of 830693?
830693
What are the prime factors of 1455460?
2, 5, 61, 1193
List the prime factors of 1009686.
2, 3, 168281
List the prime factors of 3909627.
3, 31, 173
What are the prime factors of 1486321?
1486321
List the prime factors of 12454103.
647, 19249
What are the prime factors of 8931376?
2, 61, 9151
List the prime factors of 535350.
2, 3, 5, 43, 83
List the prime factors of 9037267.
43, 210169
List the prime factors of 216527.
293, 739
List the prime factors of 312921.
3, 7, 4967
What are the prime factors of 2684335?
5, 536867
What are the prime factors of 11677156?
2, 89, 32801
List the prime factors of 408010.
2, 5, 40801
What are the prime factors of 408188?
2, 11, 9277
What are the prime factors of 227213?
7, 4637
What are the prime factors of 1148810?
2, 5, 13, 8837
What are the prime factors of 17261979?
3, 7, 821999
What are the prime factors of 2646960?
2, 3, 5, 41, 269
What are the prime factors of 398402?
2, 29, 6869
What are the prime factors of 11456053?
7, 113, 2069
List the prime factors of 232698.
2, 3, 38783
What are the prime factors of 238265?
5, 47653
What are the prime factors of 3132163?
23, 43, 3167
What are the prime factors of 13583151?
3, 283, 5333
What are the prime factors of 1018721?
11, 37, 2503
List the prime factors of 1134647.
193, 5879
What are the prime factors of 166568?
2, 47, 443
List the prime factors of 320927.
320927
List the prime factors of 2826883.
2826883
What are the prime factors of 6096050?
2, 5, 121921
List the prime factors of 19019057.
19, 1001003
List the prime factors of 365019.
3, 281, 433
What are the prime factors of 2327839?
157, 14827
What are the prime factors of 131985?
3, 5, 7, 419
What are the prime factors of 365646?
2, 3, 149, 409
What are the prime factors of 12130?
2, 5, 1213
What are the prime factors of 3419438?
2, 11, 47, 3307
What are the prime factors of 13386564?
2, 3, 19, 19571
List the prime factors of 1082924.
2, 19, 14249
What are the prime factors of 19319095?
5, 509, 7591
List the prime factors of 446121.
3, 13, 31, 41
What are the prime factors of 477236?
2, 229, 521
What are the prime factors of 76842?
2, 3, 1423
What are the prime factors of 2088936?
2, 3, 19, 509
List the prime factors of 1962096.
2, 3, 41, 997
What are the prime